{"id":18,"date":"2012-12-25T11:00:22","date_gmt":"2012-12-25T11:00:22","guid":{"rendered":"http:\/\/goinggolf.de\/?page_id=18"},"modified":"2022-09-01T12:18:49","modified_gmt":"2022-09-01T11:18:49","slug":"leaderboard","status":"publish","type":"page","link":"https:\/\/www.goingsports.online\/?page_id=18","title":{"rendered":"1. Turnier-Leaderboard"},"content":{"rendered":"<div id=\"pl-18\"  class=\"panel-layout\" ><div id=\"pg-18-0\"  class=\"panel-grid panel-no-style\" ><div id=\"pgc-18-0-0\"  class=\"panel-grid-cell\" ><div id=\"panel-18-0-0-0\" class=\"so-panel widget widget_sow-editor panel-first-child panel-last-child\" data-index=\"0\" ><div\n\t\t\t\n\t\t\tclass=\"so-widget-sow-editor so-widget-sow-editor-base\"\n\t\t\t\n\t\t>\n<div class=\"siteorigin-widget-tinymce textwidget\">\n\t<p><strong>Wichtig!<br \/>\n<\/strong>Zur Darstellung des Leaderboards muss der Popup-Blocker des Browsers deaktiviert werden!<br \/>\nDer Browser muss zudem Cookies zulassen.<br \/>\nWir empfehlen als Browser Firefox, Safari oder Chrome.<br \/>\nBei Internet Explorer kann es zu Fehlfunktionen kommen.<\/p>\n<p><iframe loading=\"lazy\" src=\"\/Going-Golf-PHP\/leaderboard_de.html\" width=\"100%\" height=\"300px\"><\/iframe><\/p>\n<p>Dieses Leaderboard dient zur Darstellung von Einzelspielerergebnissen!<br \/>\nAlle 15 Sekunden wird das Gesamtklassement aktualisiert.<\/p>\n<p>Wenn Sie das H\u00e4kchen bei \"Nur die 1.Seite ...\" setzen,<br \/>\ndann bekommen Sie nur die Top 10 angezeigt.<\/p>\n<p>Sie k\u00f6nnen die Gr\u00f6\u00dfe des Leaderboards auf dem PC mit der Maus anpassen.<\/p>\n<p>Sie k\u00f6nnen auch mehrere Leaderboards parallel anzeigen lassen.<br \/>\nWiederholen Sie hierzu einfach nur die Eingabe und w\u00e4hlen Sie beispielsweise eine andere Z\u00e4hlart aus.<\/p>\n<\/div>\n<\/div><\/div><\/div><\/div><\/div>","protected":false},"excerpt":{"rendered":"<p>Wichtig! Zur Darstellung des Leaderboards muss der Popup-Blocker des Browsers deaktiviert werden! Der Browser muss zudem Cookies zulassen. Wir empfehlen als Browser Firefox, Safari oder Chrome. Bei Internet Explorer kann es zu Fehlfunktionen kommen. Dieses Leaderboard dient zur Darstellung von Einzelspielerergebnissen! Alle 15 Sekunden wird das Gesamtklassement aktualisiert. Wenn Sie das H\u00e4kchen bei &#8222;Nur die <a href=\"https:\/\/www.goingsports.online\/?page_id=18\" rel=\"nofollow\"><span class=\"sr-only\">Read more about 1. Turnier-Leaderboard<\/span>[&hellip;]<\/a><\/p>\n","protected":false},"author":1,"featured_media":0,"parent":0,"menu_order":3,"comment_status":"closed","ping_status":"closed","template":"","meta":{"footnotes":""},"class_list":["post-18","page","type-page","status-publish","hentry"],"_links":{"self":[{"href":"https:\/\/www.goingsports.online\/index.php?rest_route=\/wp\/v2\/pages\/18","targetHints":{"allow":["GET"]}}],"collection":[{"href":"https:\/\/www.goingsports.online\/index.php?rest_route=\/wp\/v2\/pages"}],"about":[{"href":"https:\/\/www.goingsports.online\/index.php?rest_route=\/wp\/v2\/types\/page"}],"author":[{"embeddable":true,"href":"https:\/\/www.goingsports.online\/index.php?rest_route=\/wp\/v2\/users\/1"}],"replies":[{"embeddable":true,"href":"https:\/\/www.goingsports.online\/index.php?rest_route=%2Fwp%2Fv2%2Fcomments&post=18"}],"version-history":[{"count":122,"href":"https:\/\/www.goingsports.online\/index.php?rest_route=\/wp\/v2\/pages\/18\/revisions"}],"predecessor-version":[{"id":3666,"href":"https:\/\/www.goingsports.online\/index.php?rest_route=\/wp\/v2\/pages\/18\/revisions\/3666"}],"wp:attachment":[{"href":"https:\/\/www.goingsports.online\/index.php?rest_route=%2Fwp%2Fv2%2Fmedia&parent=18"}],"curies":[{"name":"wp","href":"https:\/\/api.w.org\/{rel}","templated":true}]}}