{"id":790,"date":"2014-01-25T20:37:49","date_gmt":"2014-01-25T19:37:49","guid":{"rendered":"http:\/\/www.goingsports.de\/?page_id=790"},"modified":"2023-06-24T09:39:09","modified_gmt":"2023-06-24T08:39:09","slug":"besonderheiten","status":"publish","type":"page","link":"https:\/\/www.goingsports.online\/?page_id=790","title":{"rendered":"Bannerwerbung"},"content":{"rendered":"<h2><\/h2>\n<h2>Platzieren von Werbebanner<\/h2>\n<p>GoingGolf bietet Ihnen eine attraktive M\u00f6glichkeit der <b>Refinanzierung<\/b> Ihres Einkaufs:<br \/>\nGeben Sie Sponsoren die M\u00f6glichkeit, sich mit Bannerwerbung auf dem Leaderboard im Internet und auf dem Fernseher im Clubhaus zu pr\u00e4sentieren.<br \/>\nRund um das Leaderboard sind aufmerksamkeitsstarke Banner platzierbar, die Sie selbst kreieren und hochladen k\u00f6nnen.<br \/>\nEs sind auch animierte Banner m\u00f6glich.<\/p>\n<p><img loading=\"lazy\" decoding=\"async\" class=\" wp-image-803 alignnone\" src=\"https:\/\/www.goingsports.online\/wp-content\/uploads\/2017\/08\/Werbungsbeispiel-1.png\" alt=\"leaderbord_werbung\" width=\"1006\" height=\"582\"><\/p>\n<p>So k\u00f6nnen Sie die Bannerfl\u00e4che individuell planen und gleich mehrere Sponsoring-Partner unterbringen.<\/p>\n<p><b>Auf diese Weise k\u00f6nnen Sie die Investition f\u00fcr ein attraktives Turniererlebnis durch die Einbindung von Sponsoring-Partnern in k\u00fcrzester Zeit zu einem echten Gewinn machen!<\/b><\/p>\n","protected":false},"excerpt":{"rendered":"<p>Platzieren von Werbebanner GoingGolf bietet Ihnen eine attraktive M\u00f6glichkeit der Refinanzierung Ihres Einkaufs: Geben Sie Sponsoren die M\u00f6glichkeit, sich mit Bannerwerbung auf dem Leaderboard im Internet und auf dem Fernseher im Clubhaus zu pr\u00e4sentieren. Rund um das Leaderboard sind aufmerksamkeitsstarke Banner platzierbar, die Sie selbst kreieren und hochladen k\u00f6nnen. Es sind auch animierte Banner m\u00f6glich. <a href=\"https:\/\/www.goingsports.online\/?page_id=790\" rel=\"nofollow\"><span class=\"sr-only\">Read more about Bannerwerbung<\/span>[&hellip;]<\/a><\/p>\n","protected":false},"author":1,"featured_media":0,"parent":0,"menu_order":2,"comment_status":"closed","ping_status":"closed","template":"","meta":{"footnotes":""},"class_list":["post-790","page","type-page","status-publish","hentry"],"_links":{"self":[{"href":"https:\/\/www.goingsports.online\/index.php?rest_route=\/wp\/v2\/pages\/790","targetHints":{"allow":["GET"]}}],"collection":[{"href":"https:\/\/www.goingsports.online\/index.php?rest_route=\/wp\/v2\/pages"}],"about":[{"href":"https:\/\/www.goingsports.online\/index.php?rest_route=\/wp\/v2\/types\/page"}],"author":[{"embeddable":true,"href":"https:\/\/www.goingsports.online\/index.php?rest_route=\/wp\/v2\/users\/1"}],"replies":[{"embeddable":true,"href":"https:\/\/www.goingsports.online\/index.php?rest_route=%2Fwp%2Fv2%2Fcomments&post=790"}],"version-history":[{"count":29,"href":"https:\/\/www.goingsports.online\/index.php?rest_route=\/wp\/v2\/pages\/790\/revisions"}],"predecessor-version":[{"id":3714,"href":"https:\/\/www.goingsports.online\/index.php?rest_route=\/wp\/v2\/pages\/790\/revisions\/3714"}],"wp:attachment":[{"href":"https:\/\/www.goingsports.online\/index.php?rest_route=%2Fwp%2Fv2%2Fmedia&parent=790"}],"curies":[{"name":"wp","href":"https:\/\/api.w.org\/{rel}","templated":true}]}}